{"id":5984,"date":"2019-02-04T09:41:27","date_gmt":"2019-02-04T09:41:27","guid":{"rendered":"https:\/\/assocarboni.it\/assocarboni\/?page_id=5984"},"modified":"2019-07-08T08:11:48","modified_gmt":"2019-07-08T08:11:48","slug":"la-compatibilita-con-lambiente","status":"publish","type":"page","link":"https:\/\/assocarboni.it\/assocarboni\/il-carbone\/la-compatibilita-con-lambiente\/","title":{"rendered":"La compatibilit\u00e0 con l&#8217;ambiente"},"content":{"rendered":"<div id=\"pl-5984\"  class=\"panel-layout\" ><div id=\"pg-5984-0\"  class=\"panel-grid panel-no-style\" ><div id=\"pgc-5984-0-0\"  class=\"panel-grid-cell\" ><div id=\"panel-5984-0-0-0\" class=\"so-panel widget widget_sow-headline panel-first-child panel-last-child\" data-index=\"0\" ><div\n\t\t\t\n\t\t\tclass=\"so-widget-sow-headline so-widget-sow-headline-default-ea0af4cf39ae-5984\"\n\t\t\t\n\t\t><div class=\"sow-headline-container \">\n\t\t\t\t\t\t\t<h1 class=\"sow-headline\">\n\t\t\t\t\t\tLa compatibilit\u00e0 con l'ambiente\t\t\t\t\t\t<\/h1>\n\t\t\t\t\t\t\t\t\t\t\t<div class=\"decoration\">\n\t\t\t\t\t\t<div class=\"decoration-inside\"><\/div>\n\t\t\t\t\t<\/div>\n\t\t\t\t\t<\/div>\n<\/div><\/div><\/div><\/div><div id=\"pg-5984-1\"  class=\"panel-grid panel-has-style\" ><div class=\"siteorigin-panels-stretch panel-row-style panel-row-style-for-5984-1\" data-stretch-type=\"full\" ><div id=\"pgc-5984-1-0\"  class=\"panel-grid-cell\" ><div id=\"panel-5984-1-0-0\" class=\"so-panel widget widget_sow-headline panel-first-child\" data-index=\"1\" ><div\n\t\t\t\n\t\t\tclass=\"so-widget-sow-headline so-widget-sow-headline-default-ea0af4cf39ae-5984\"\n\t\t\t\n\t\t><div class=\"sow-headline-container \">\n\t\t\t\t\t\t<div class=\"decoration\">\n\t\t\t\t\t\t<div class=\"decoration-inside\"><\/div>\n\t\t\t\t\t<\/div>\n\t\t\t\t\t<\/div>\n<\/div><\/div><div id=\"panel-5984-1-0-1\" class=\"so-panel widget widget_sow-image\" data-index=\"2\" ><div\n\t\t\t\n\t\t\tclass=\"so-widget-sow-image so-widget-sow-image-default-8b5b6f678277-5984\"\n\t\t\t\n\t\t>\n<div class=\"sow-image-container\">\n\t\t<img \n\tsrc=\"https:\/\/assocarboni.it\/assocarboni\/wp-content\/uploads\/2019\/02\/torrevaldaliga-nord.jpg\" width=\"1024\" height=\"846\" srcset=\"https:\/\/assocarboni.it\/assocarboni\/wp-content\/uploads\/2019\/02\/torrevaldaliga-nord.jpg 1024w, https:\/\/assocarboni.it\/assocarboni\/wp-content\/uploads\/2019\/02\/torrevaldaliga-nord-363x300.jpg 363w, https:\/\/assocarboni.it\/assocarboni\/wp-content\/uploads\/2019\/02\/torrevaldaliga-nord-484x400.jpg 484w, https:\/\/assocarboni.it\/assocarboni\/wp-content\/uploads\/2019\/02\/torrevaldaliga-nord-768x635.jpg 768w, https:\/\/assocarboni.it\/assocarboni\/wp-content\/uploads\/2019\/02\/torrevaldaliga-nord-968x800.jpg 968w\" sizes=\"(max-width: 1024px) 100vw, 1024px\" title=\"(Torrevaldaliga Nord, veduta aerea)\" alt=\"\" loading=\"lazy\" \t\tclass=\"so-widget-image\"\/>\n\t<\/div>\n\n<h3 class=\"widget-title\">(Torrevaldaliga Nord, veduta aerea)<\/h3><\/div><\/div><div id=\"panel-5984-1-0-2\" class=\"so-panel widget widget_sow-slider\" data-index=\"3\" ><div\n\t\t\t\n\t\t\tclass=\"so-widget-sow-slider so-widget-sow-slider-default-6d39609536fd-5984\"\n\t\t\t\n\t\t>\t\t\t\t<div class=\"sow-slider-base\" style=\"display: none\" tabindex=\"0\">\n\t\t\t\t\t<ul\n\t\t\t\t\tclass=\"sow-slider-images\"\n\t\t\t\t\tdata-settings=\"{&quot;pagination&quot;:true,&quot;speed&quot;:3000,&quot;timeout&quot;:3000,&quot;paused&quot;:false,&quot;pause_on_hover&quot;:false,&quot;swipe&quot;:true,&quot;nav_always_show_desktop&quot;:&quot;&quot;,&quot;nav_always_show_mobile&quot;:&quot;&quot;,&quot;breakpoint&quot;:&quot;780px&quot;,&quot;unmute&quot;:false,&quot;anchor&quot;:null}\"\n\t\t\t\t\t\t\t\t\t\tdata-anchor-id=\"\"\n\t\t\t\t>\t\t<li class=\"sow-slider-image\" style=\"visibility: visible;\" >\n\t\t\t\t\t\t<img width=\"1024\" height=\"846\" src=\"https:\/\/assocarboni.it\/assocarboni\/wp-content\/uploads\/2019\/02\/torrevaldaliga-05.jpg\" class=\"sow-slider-background-image\" alt=\"\" loading=\"lazy\" style=\"\" srcset=\"https:\/\/assocarboni.it\/assocarboni\/wp-content\/uploads\/2019\/02\/torrevaldaliga-05.jpg 1024w, https:\/\/assocarboni.it\/assocarboni\/wp-content\/uploads\/2019\/02\/torrevaldaliga-05-363x300.jpg 363w, https:\/\/assocarboni.it\/assocarboni\/wp-content\/uploads\/2019\/02\/torrevaldaliga-05-484x400.jpg 484w, https:\/\/assocarboni.it\/assocarboni\/wp-content\/uploads\/2019\/02\/torrevaldaliga-05-768x635.jpg 768w, https:\/\/assocarboni.it\/assocarboni\/wp-content\/uploads\/2019\/02\/torrevaldaliga-05-968x800.jpg 968w\" sizes=\"(max-width: 1024px) 100vw, 1024px\" \/>\t\t<\/li>\n\t\t\t\t<li class=\"sow-slider-image\" style=\"visibility: hidden;\" >\n\t\t\t\t\t\t<img width=\"1024\" height=\"846\" src=\"https:\/\/assocarboni.it\/assocarboni\/wp-content\/uploads\/2019\/02\/torrevaldaliga-03.jpg\" class=\"sow-slider-background-image\" alt=\"\" loading=\"lazy\" style=\"\" srcset=\"https:\/\/assocarboni.it\/assocarboni\/wp-content\/uploads\/2019\/02\/torrevaldaliga-03.jpg 1024w, https:\/\/assocarboni.it\/assocarboni\/wp-content\/uploads\/2019\/02\/torrevaldaliga-03-363x300.jpg 363w, https:\/\/assocarboni.it\/assocarboni\/wp-content\/uploads\/2019\/02\/torrevaldaliga-03-484x400.jpg 484w, https:\/\/assocarboni.it\/assocarboni\/wp-content\/uploads\/2019\/02\/torrevaldaliga-03-768x635.jpg 768w, https:\/\/assocarboni.it\/assocarboni\/wp-content\/uploads\/2019\/02\/torrevaldaliga-03-968x800.jpg 968w\" sizes=\"(max-width: 1024px) 100vw, 1024px\" \/>\t\t<\/li>\n\t\t\t\t<li class=\"sow-slider-image\" style=\"visibility: hidden;\" >\n\t\t\t\t\t\t<img width=\"1024\" height=\"846\" src=\"https:\/\/assocarboni.it\/assocarboni\/wp-content\/uploads\/2019\/02\/torrevaldaliga-04.jpg\" class=\"sow-slider-background-image\" alt=\"\" loading=\"lazy\" style=\"\" srcset=\"https:\/\/assocarboni.it\/assocarboni\/wp-content\/uploads\/2019\/02\/torrevaldaliga-04.jpg 1024w, https:\/\/assocarboni.it\/assocarboni\/wp-content\/uploads\/2019\/02\/torrevaldaliga-04-363x300.jpg 363w, https:\/\/assocarboni.it\/assocarboni\/wp-content\/uploads\/2019\/02\/torrevaldaliga-04-484x400.jpg 484w, https:\/\/assocarboni.it\/assocarboni\/wp-content\/uploads\/2019\/02\/torrevaldaliga-04-768x635.jpg 768w, https:\/\/assocarboni.it\/assocarboni\/wp-content\/uploads\/2019\/02\/torrevaldaliga-04-968x800.jpg 968w\" sizes=\"(max-width: 1024px) 100vw, 1024px\" \/>\t\t<\/li>\n\t\t\t\t<li class=\"sow-slider-image\" style=\"visibility: hidden;\" >\n\t\t\t\t\t\t<img width=\"1024\" height=\"846\" src=\"https:\/\/assocarboni.it\/assocarboni\/wp-content\/uploads\/2019\/02\/torrevaldaliga-06.jpg\" class=\"sow-slider-background-image\" alt=\"\" loading=\"lazy\" style=\"\" srcset=\"https:\/\/assocarboni.it\/assocarboni\/wp-content\/uploads\/2019\/02\/torrevaldaliga-06.jpg 1024w, https:\/\/assocarboni.it\/assocarboni\/wp-content\/uploads\/2019\/02\/torrevaldaliga-06-363x300.jpg 363w, https:\/\/assocarboni.it\/assocarboni\/wp-content\/uploads\/2019\/02\/torrevaldaliga-06-484x400.jpg 484w, https:\/\/assocarboni.it\/assocarboni\/wp-content\/uploads\/2019\/02\/torrevaldaliga-06-768x635.jpg 768w, https:\/\/assocarboni.it\/assocarboni\/wp-content\/uploads\/2019\/02\/torrevaldaliga-06-968x800.jpg 968w\" sizes=\"(max-width: 1024px) 100vw, 1024px\" \/>\t\t<\/li>\n\t\t\t\t<li class=\"sow-slider-image\" style=\"visibility: hidden;\" >\n\t\t\t\t\t\t<img width=\"1024\" height=\"846\" src=\"https:\/\/assocarboni.it\/assocarboni\/wp-content\/uploads\/2019\/02\/torrevaldaliga-02.jpg\" class=\"sow-slider-background-image\" alt=\"\" loading=\"lazy\" style=\"\" srcset=\"https:\/\/assocarboni.it\/assocarboni\/wp-content\/uploads\/2019\/02\/torrevaldaliga-02.jpg 1024w, https:\/\/assocarboni.it\/assocarboni\/wp-content\/uploads\/2019\/02\/torrevaldaliga-02-363x300.jpg 363w, https:\/\/assocarboni.it\/assocarboni\/wp-content\/uploads\/2019\/02\/torrevaldaliga-02-484x400.jpg 484w, https:\/\/assocarboni.it\/assocarboni\/wp-content\/uploads\/2019\/02\/torrevaldaliga-02-768x635.jpg 768w, https:\/\/assocarboni.it\/assocarboni\/wp-content\/uploads\/2019\/02\/torrevaldaliga-02-968x800.jpg 968w\" sizes=\"(max-width: 1024px) 100vw, 1024px\" \/>\t\t<\/li>\n\t\t<\/ul>\t\t\t\t<ol class=\"sow-slider-pagination\">\n\t\t\t\t\t\t\t\t\t\t\t<li><a href=\"#\" data-goto=\"0\" aria-label=\"Display slide 1\"><\/a><\/li>\n\t\t\t\t\t\t\t\t\t\t\t<li><a href=\"#\" data-goto=\"1\" aria-label=\"Display slide 2\"><\/a><\/li>\n\t\t\t\t\t\t\t\t\t\t\t<li><a href=\"#\" data-goto=\"2\" aria-label=\"Display slide 3\"><\/a><\/li>\n\t\t\t\t\t\t\t\t\t\t\t<li><a href=\"#\" data-goto=\"3\" aria-label=\"Display slide 4\"><\/a><\/li>\n\t\t\t\t\t\t\t\t\t\t\t<li><a href=\"#\" data-goto=\"4\" aria-label=\"Display slide 5\"><\/a><\/li>\n\t\t\t\t\t\t\t\t\t<\/ol>\n\n\t\t\t\t<div class=\"sow-slide-nav sow-slide-nav-next\">\n\t\t\t\t\t<a href=\"#\" data-goto=\"next\" aria-label=\"Next slide\" data-action=\"next\">\n\t\t\t\t\t\t<em class=\"sow-sld-icon-thin-right\"><\/em>\n\t\t\t\t\t<\/a>\n\t\t\t\t<\/div>\n\n\t\t\t\t<div class=\"sow-slide-nav sow-slide-nav-prev\">\n\t\t\t\t\t<a href=\"#\" data-goto=\"previous\" aria-label=\"Previous slide\" data-action=\"prev\">\n\t\t\t\t\t\t<em class=\"sow-sld-icon-thin-left\"><\/em>\n\t\t\t\t\t<\/a>\n\t\t\t\t<\/div>\n\t\t\t\t<\/div><\/div><\/div><div id=\"panel-5984-1-0-3\" class=\"so-panel widget widget_sow-image panel-last-child\" data-index=\"4\" ><div\n\t\t\t\n\t\t\tclass=\"so-widget-sow-image so-widget-sow-image-default-8b5b6f678277-5984\"\n\t\t\t\n\t\t>\n<div class=\"sow-image-container\">\n\t\t<img \n\tsrc=\"https:\/\/assocarboni.it\/assocarboni\/wp-content\/uploads\/2019\/02\/02_TV_Nord_Civitavecchia.jpg\" width=\"650\" height=\"400\" srcset=\"https:\/\/assocarboni.it\/assocarboni\/wp-content\/uploads\/2019\/02\/02_TV_Nord_Civitavecchia.jpg 650w, https:\/\/assocarboni.it\/assocarboni\/wp-content\/uploads\/2019\/02\/02_TV_Nord_Civitavecchia-450x277.jpg 450w\" sizes=\"(max-width: 650px) 100vw, 650px\" alt=\"\" loading=\"lazy\" \t\tclass=\"so-widget-image\"\/>\n\t<\/div>\n\n<\/div><\/div><\/div><div id=\"pgc-5984-1-1\"  class=\"panel-grid-cell\" ><div id=\"panel-5984-1-1-0\" class=\"so-panel widget widget_sow-editor panel-first-child panel-last-child\" data-index=\"5\" ><div\n\t\t\t\n\t\t\tclass=\"so-widget-sow-editor so-widget-sow-editor-base\"\n\t\t\t\n\t\t>\n<div class=\"siteorigin-widget-tinymce textwidget\">\n\t<div style=\"text-align: justify;\">\n<p>La caratteristica indiscutibilmente meno nota del carbone \u00e8 la sua <strong>compatibilit\u00e0 con l\u2019ambiente<\/strong>, secondo le normative vigenti.<\/p>\n<p>E ci\u00f2 \u00e8 ancor pi\u00f9 vero nel nostro Paese, se si considera che <strong>tutte le 8 centrali a carbone sono certificate EMAS<\/strong> - la certificazione ambientale di standard europeo, pi\u00f9 severa rispetto alla certificazione ISO 14001.<\/p>\n<p>Tali centrali eccellono anche dal punto di vista dell\u2019efficienza, con <strong>un rendimento medio del 40% rispetto al 35% della media europea<\/strong>, e addirittura al 25% dell\u2019Europa continentale. <strong>L\u2019impianto di<\/strong> <strong>Torrevaldaliga Nord<\/strong>, <strong>raggiunge un picco di efficienza del 46%,<\/strong> ed \u00e8 riconosciuto come una delle pi\u00f9 efficienti centrali a livello mondiale, eguagliato per performance solo da altri due impianti, in Giappone e in Danimarca. Il costo di chiusura di tale eccellenza in anticipo rispetto alla sua vita utile, \u00e8 stimato in svariati miliardi di euro, che saranno a carico del cittadino.<\/p>\n<p>Inoltre, la cattedra di Igiene Industriale dell\u2019<strong>Universit\u00e0 di Brescia ha effettuato un\u2019indagine sui rischi per i lavorativi in una centrale a carbone<\/strong>, effettuando annualmente un monitoraggio ambientale a partire dal 1987. <strong>L\u2019analisi dei risultati<\/strong> ottenuti in 15 anni di attivit\u00e0 <strong>ha confermato l\u2019assenza di patologie o disturbi <\/strong>nei lavoratori della centrale a carbone.<\/p>\n<p>Uno dei centri di ricerca medico-scientifica indipendenti pi\u00f9 autorevoli al mondo, l\u2019iPRI-International Prevention Research Institute, nello studio del 2013 \u201c<em>The Environmental and Health Impacts of Coal Thermoelectric Plants<\/em>\u201d, ha dimostrato come la gran parte delle analisi mirate a cercare una correlazione tra emissioni delle centrali termoelettriche ed effetti sulla salute delle popolazioni, abbiano portato in realt\u00e0 a risultati inutilizzabili, in quanto mancanti di un\u2019appropriata metodologia.<\/p>\n<p><strong>Secondo<\/strong> <strong>iPRI<\/strong>, finora <strong>non c\u2019\u00e8 stata alcuna evidenza di aumento o diminuzione del rischio di mortalit\u00e0, n\u00e9 di altri effetti sulla salute <\/strong>delle persone che lavorano in centrali a carbone o dei residenti nelle vicinanze,<strong> associabili direttamente con le emissioni inquinanti degli impianti<\/strong>.<\/p>\n<p>In particolare, nel periodo dal 2000 al 2010, le emissioni europee di polveri sottili PM2,5 sono diminuite complessivamente del 15%, mentre nel settore termoelettrico la riduzione \u00e8 stata del 41,5%. Anche in Italia, nel 2010 la sorgente maggiore di PM2,5 risulta essere, in realt\u00e0, l\u2019uso domestico di energia (gli impianti di riscaldamento), e il suo utilizzo per le attivit\u00e0 di commercio e servizi e della Pubblica Amministrazione (50%), seguita dai trasporti (29%), dalle industrie e dalla gestione dei rifiuti (5%), mentre appena il 2,6% del totale deriva dalla produzione e distribuzione di energia.<\/p>\n<p>Anche Nomisma Energia ha pubblicato nel 2008 uno studio su \u201cCentrali a Carbone e Agricoltura\u201d da cui emerge che <strong>una centrale a carbone non impatta sul livello di concentrazione di inquinamenti sul suolo immediatamente circostante<\/strong>.<\/p>\n<p><strong>Sul fronte della movimentazione, trasporto ed uso<\/strong>, il carbone garantisce una elevata sicurezza dal momento che non \u00e8 n\u00e9 infiammabile, n\u00e9 esplosivo, n\u00e9 inquinante per il suolo o per l\u2019acqua.<\/p>\n<p>La International Maritime Organization (I.M.O.) ha sancito fin dal 1997 l\u2019esclusione del carbone fossile, a differenza del petrolio e del gas naturale, dalle sostanze rischiose e nocive trasportate via mare. Se una nave carica di carbone si dovesse rovesciare, il carbone si depositerebbe sul fondo del mare senza causare danni.<\/p>\n<p>Per quanto riguarda poi lo stoccaggio del carbone e la sua manipolazione a terra, esistono tecniche e mezzi adeguati di copertura e protezione, sia dei nastri trasportatori sia dei parchi, che sono adottate nel nostro Paese, l\u2019unico in Europa a essersi dotato di parchi e carbonili coperti e che gestisce le centrali a carbone secondo i pi\u00f9 elevati standard ambientali, di sicurezza, affidabilit\u00e0 ed efficienza.<\/p>\n<\/div>\n<\/div>\n<\/div><\/div><\/div><\/div><\/div><\/div>","protected":false},"excerpt":{"rendered":"<p>La caratteristica indiscutibilmente meno nota del carbone \u00e8 la sua compatibilit\u00e0 con l\u2019ambiente, secondo le normative vigenti. E ci\u00f2 \u00e8 ancor pi\u00f9 vero nel nostro Paese, se si considera che tutte le 8 centrali a carbone sono certificate EMAS &#8211; la certificazione ambientale di standard europeo, pi\u00f9 severa rispetto alla certificazione ISO 14001. Tali centrali [&#8230;]\n","protected":false},"author":3,"featured_media":0,"parent":5343,"menu_order":0,"comment_status":"closed","ping_status":"closed","template":"","meta":[],"_links":{"self":[{"href":"https:\/\/assocarboni.it\/assocarboni\/wp-json\/wp\/v2\/pages\/5984"}],"collection":[{"href":"https:\/\/assocarboni.it\/assocarboni\/wp-json\/wp\/v2\/pages"}],"about":[{"href":"https:\/\/assocarboni.it\/assocarboni\/wp-json\/wp\/v2\/types\/page"}],"author":[{"embeddable":true,"href":"https:\/\/assocarboni.it\/assocarboni\/wp-json\/wp\/v2\/users\/3"}],"replies":[{"embeddable":true,"href":"https:\/\/assocarboni.it\/assocarboni\/wp-json\/wp\/v2\/comments?post=5984"}],"version-history":[{"count":24,"href":"https:\/\/assocarboni.it\/assocarboni\/wp-json\/wp\/v2\/pages\/5984\/revisions"}],"predecessor-version":[{"id":6225,"href":"https:\/\/assocarboni.it\/assocarboni\/wp-json\/wp\/v2\/pages\/5984\/revisions\/6225"}],"up":[{"embeddable":true,"href":"https:\/\/assocarboni.it\/assocarboni\/wp-json\/wp\/v2\/pages\/5343"}],"wp:attachment":[{"href":"https:\/\/assocarboni.it\/assocarboni\/wp-json\/wp\/v2\/media?parent=5984"}],"curies":[{"name":"wp","href":"https:\/\/api.w.org\/{rel}","templated":true}]}}